{"id":1141,"date":"2023-04-20T21:34:12","date_gmt":"2023-04-20T19:34:12","guid":{"rendered":"https:\/\/energybiomassholding.ch\/?page_id=1141"},"modified":"2023-04-20T23:13:18","modified_gmt":"2023-04-20T21:13:18","slug":"notre-savoir-faire","status":"publish","type":"page","link":"https:\/\/energybiomassholding.ch\/index.php\/notre-savoir-faire\/","title":{"rendered":"Notre savoir faire"},"content":{"rendered":"\n<h1 class=\"wp-block-heading has-text-align-center\">Un savoir-faire unique en mati\u00e8re de projets de biomasse-\u00e9nergie<\/h1>\n\n\n\n<div class=\"alignwide blockart-section blockart-section-6fe4457f alignwide\"><div class=\"blockart-container\"><div class=\"blockart-section-inner\">\n<div class=\"blockart-column blockart-column-76be6c10\"><div class=\"blockart-column-inner\">\n<div class=\"blockart-section blockart-section-8018cf17\"><div class=\"blockart-container\"><div class=\"blockart-section-inner\">\n<div class=\"blockart-column blockart-column-4874a8d8\"><div class=\"blockart-column-inner\">\n<p>Un groupe sp\u00e9cialis\u00e9 dans le secteur de la biomasse-\u00e9nergie qui rassemble l&rsquo;expertise hautement qualifi\u00e9e et diversifi\u00e9e de 2 entreprises : Energy Biomass Consulting (EBC) et Bioenrgy Sas.<\/p>\n<\/div><\/div>\n\n\n\n<div class=\"blockart-column blockart-column-e0b6f57d\"><div class=\"blockart-column-inner\">\n<p class=\"has-white-color has-text-color\">Une exp\u00e9rience importante dans les projets de biomasse-\u00e9nergie via un r\u00e9seau mondial dans le secteur (des experts techniques aux d\u00e9cideurs de haut niveau).&nbsp;<\/p>\n<\/div><\/div>\n\n\n\n<div class=\"blockart-column blockart-column-4fe0c3a6\"><div class=\"blockart-column-inner\">\n<p>Un engagement fort pour acc\u00e9l\u00e9rer la transition \u00e9nerg\u00e9tique (vers le renouvelable), \u00e9cologique et sociale.&nbsp;<\/p>\n<\/div><\/div>\n<\/div><\/div><\/div>\n<\/div><\/div>\n<\/div><\/div><\/div>\n\n\n\n<div class=\"blockart-spacing blockart-spacing-086d6f71\"><div class=\"blockart-spacing-inner\"><\/div><\/div>\n\n\n\n<hr class=\"wp-block-separator has-text-color has-black-color has-alpha-channel-opacity has-black-background-color has-background is-style-wide\"\/>\n\n\n\n<div class=\"blockart-spacing blockart-spacing-470e44f5\"><div class=\"blockart-spacing-inner\"><\/div><\/div>\n\n\n\n<div class=\"wp-block-media-text alignwide is-stacked-on-mobile\" style=\"grid-template-columns:15% auto\"><figure class=\"wp-block-media-text__media\"><img loading=\"lazy\" decoding=\"async\" width=\"150\" height=\"150\" src=\"https:\/\/energybiomassholding.ch\/wp-content\/uploads\/2023\/04\/Logo-bioenrgy-150x150.png\" alt=\"\" class=\"wp-image-13 size-thumbnail\" srcset=\"https:\/\/energybiomassholding.ch\/wp-content\/uploads\/2023\/04\/Logo-bioenrgy-150x150.png 150w, https:\/\/energybiomassholding.ch\/wp-content\/uploads\/2023\/04\/Logo-bioenrgy.png 234w\" sizes=\"auto, (max-width: 150px) 100vw, 150px\" \/><\/figure><div class=\"wp-block-media-text__content\">\n<p>G\u00e9nie des proc\u00e9d\u00e9s pour les projets de biomasse-\u00e9nergie, \u00e9tudes techniques, assistance aux d\u00e9veloppeurs de projets<\/p>\n\n\n\n<ul class=\"wp-block-list\">\n<li>Avant-Projet Preliminaire<\/li>\n<\/ul>\n\n\n\n<ul class=\"wp-block-list\">\n<li>Etudes &amp; business plan<\/li>\n<\/ul>\n\n\n\n<ul class=\"wp-block-list\">\n<li>Assistance \u00e0 ma\u00eetrise d\u2019ouvrage (AMO) et \u00e0 la gestion d\u2019une centrale de biomasse&nbsp;<\/li>\n<\/ul>\n\n\n\n<ul class=\"wp-block-list\">\n<li>Assistance \u00e0 la cr\u00e9ation&nbsp; de SPV et \u00e0 la r\u00e9cup\u00e9ration des autorisations l\u00e9gales&nbsp;<\/li>\n<\/ul>\n\n\n\n<ul class=\"wp-block-list\">\n<li>\u00c9laboration, n\u00e9gociation et r\u00e9daction des contrats d\u2019achat d\u2019\u00e9lectricit\u00e9 (PPA*) et de construction (EPC**)<\/li>\n<\/ul>\n<\/div><\/div>\n\n\n\n<hr class=\"wp-block-separator has-text-color has-alpha-channel-opacity has-background\" style=\"background-color:#862e25;color:#862e25\"\/>\n\n\n\n<div class=\"wp-block-media-text alignwide has-media-on-the-right is-stacked-on-mobile\" style=\"grid-template-columns:auto 39%\"><div class=\"wp-block-media-text__content\">\n<p>G\u00e9nie de la cha\u00eene d&rsquo;approvisionnement pour les projets de biomasse-\u00e9nergie<\/p>\n\n\n\n<ul class=\"wp-block-list\">\n<li>Identification des ressources de biomasse disponibles et de la logistique ad\u00e9quate&nbsp;<\/li>\n<\/ul>\n\n\n\n<ul class=\"wp-block-list\">\n<li>Meilleure optimisation Ressources \/ Taille du projet<\/li>\n<\/ul>\n\n\n\n<ul class=\"wp-block-list\">\n<li>\u00c9laboration, n\u00e9gociation et&nbsp; r\u00e9daction des contrats d\u2019achat de biomasse (FSA***)<\/li>\n<\/ul>\n\n\n\n<ul class=\"wp-block-list\">\n<li>Partenaire potentiel dans les op\u00e9rations d&rsquo;approvisionnement en combustible biomasse<\/li>\n<\/ul>\n\n\n\n<ul class=\"wp-block-list\">\n<li>G\u00e9n\u00e9ration de transactions de biomasse<\/li>\n<\/ul>\n<\/div><figure class=\"wp-block-media-text__media\"><img loading=\"lazy\" decoding=\"async\" width=\"1024\" height=\"170\" src=\"https:\/\/energybiomassholding.ch\/wp-content\/uploads\/2023\/04\/Logo-EBC-1024x170.png\" alt=\"\" class=\"wp-image-14 size-large\" srcset=\"https:\/\/energybiomassholding.ch\/wp-content\/uploads\/2023\/04\/Logo-EBC-1024x170.png 1024w, https:\/\/energybiomassholding.ch\/wp-content\/uploads\/2023\/04\/Logo-EBC-300x50.png 300w, https:\/\/energybiomassholding.ch\/wp-content\/uploads\/2023\/04\/Logo-EBC-768x127.png 768w, https:\/\/energybiomassholding.ch\/wp-content\/uploads\/2023\/04\/Logo-EBC.png 1364w\" sizes=\"auto, (max-width: 1024px) 100vw, 1024px\" \/><\/figure><\/div>\n\n\n\n<hr class=\"wp-block-separator has-text-color has-black-color has-alpha-channel-opacity has-black-background-color has-background is-style-wide\"\/>\n\n\n\n<div class=\"alignwide blockart-section blockart-section-7a399b46 alignwide\"><div class=\"blockart-container\"><div class=\"blockart-section-inner\">\n<div class=\"blockart-column blockart-column-aea21bc7\"><div class=\"blockart-column-inner\">\n<h2 class=\"blockart-heading blockart-heading-1a283d76 is-large\">UN BILAN DE 552.1 MW RECONNU MONDIALEMENT<\/h2>\n\n\n\n<div class=\"alignwide blockart-section blockart-section-ee143f76 alignwide\"><div class=\"blockart-container\"><div class=\"blockart-section-inner\">\n<div class=\"blockart-column blockart-column-f3859bbb\"><div class=\"blockart-column-inner\">\n<div class=\"blockart-image blockart-image-7ec82dfe\"><img loading=\"lazy\" decoding=\"async\" class=\"wp-image-17\" src=\"https:\/\/energybiomassholding.ch\/wp-content\/uploads\/2023\/04\/EBH-Europe.png\" alt=\"\" height=\"250\" width=\"380\" srcset=\"https:\/\/energybiomassholding.ch\/wp-content\/uploads\/2023\/04\/EBH-Europe.png 380w, https:\/\/energybiomassholding.ch\/wp-content\/uploads\/2023\/04\/EBH-Europe-300x197.png 300w\" sizes=\"auto, (max-width: 380px) 100vw, 380px\" \/><\/div>\n\n\n\n<p><strong>France<\/strong> : 69 MW<sub>e<\/sub> Production de chaleur combin\u00e9e (CHP), 10 MW<sub>th <\/sub>Chauffage urbain r\u00e9sidentiel, 42 MW<sub>th <\/sub>Industrie<\/p>\n\n\n\n<p><strong>Espagne<\/strong> : 12 MW<sub>e <\/sub>CHP, 12 MW<sub>th <\/sub>Chauffage urbain r\u00e9sidentiel<\/p>\n\n\n\n<p><strong>Hongrie<\/strong> : 2 projets de 50 MW<sub>e<\/sub> et 35 MW<sub>e <\/sub>du charbon \u00e0 la biomasse CHP<\/p>\n\n\n\n<p><strong>Pologne<\/strong> : 2 projets de 37 Mw<sub>e<\/sub> chacun du charbon \u00e0 la biomasse&nbsp;<\/p>\n\n\n\n<p><strong>Allemagne<\/strong> : 2 projets de 20 Mw<sub>e<\/sub> et 2,1 MW<sub>e <\/sub>CHP<\/p>\n<\/div><\/div>\n\n\n\n<div class=\"blockart-column blockart-column-7153c009\"><div class=\"blockart-column-inner\">\n<div class=\"blockart-image blockart-image-a93fdae3\"><img loading=\"lazy\" decoding=\"async\" class=\"wp-image-16\" src=\"https:\/\/energybiomassholding.ch\/wp-content\/uploads\/2023\/04\/EBH-Ameriques.png\" alt=\"\" height=\"250\" width=\"378\" srcset=\"https:\/\/energybiomassholding.ch\/wp-content\/uploads\/2023\/04\/EBH-Ameriques.png 378w, https:\/\/energybiomassholding.ch\/wp-content\/uploads\/2023\/04\/EBH-Ameriques-300x198.png 300w\" sizes=\"auto, (max-width: 378px) 100vw, 378px\" \/><\/div>\n\n\n\n<p><strong>Chili<\/strong> : <\/p>\n\n\n\n<p>10 MW<sub>e<\/sub> CHP<\/p>\n\n\n\n<p><strong>Canada<\/strong> : <\/p>\n\n\n\n<p>2 projets de 35 MW<sub>e<\/sub> et 40 MW<sub>e <\/sub>CHP sur site vierge<\/p>\n<\/div><\/div>\n\n\n\n<div class=\"blockart-column blockart-column-9c5684ed\"><div class=\"blockart-column-inner\">\n<div class=\"blockart-image blockart-image-f6d236c2\"><img loading=\"lazy\" decoding=\"async\" class=\"wp-image-18\" src=\"https:\/\/energybiomassholding.ch\/wp-content\/uploads\/2023\/04\/EBH-Afrique.png\" alt=\"\" height=\"250\" width=\"380\"\/><\/div>\n\n\n\n<p><strong>Maroc<\/strong> : <\/p>\n\n\n\n<p>18 MW<sub>th<\/sub> Industrie sur site vierge<\/p>\n\n\n\n<p><strong>Afrique du Sud : <\/strong><\/p>\n\n\n\n<p>3 projets de 2 MW<sub>th <\/sub>chacun de chaudi\u00e8re \u00e0 biomasse industrielle&nbsp;<\/p>\n<\/div><\/div>\n\n\n\n<div class=\"blockart-column blockart-column-ecf550aa\"><div class=\"blockart-column-inner\">\n<div class=\"blockart-image blockart-image-6a1aad25\"><img loading=\"lazy\" decoding=\"async\" class=\"wp-image-19\" src=\"https:\/\/energybiomassholding.ch\/wp-content\/uploads\/2023\/04\/EBH-Asie.png\" alt=\"\" height=\"250\" width=\"380\" srcset=\"https:\/\/energybiomassholding.ch\/wp-content\/uploads\/2023\/04\/EBH-Asie.png 380w, https:\/\/energybiomassholding.ch\/wp-content\/uploads\/2023\/04\/EBH-Asie-300x197.png 300w\" sizes=\"auto, (max-width: 380px) 100vw, 380px\" \/><\/div>\n\n\n\n<p class=\"blockart-paragraph blockart-paragraph-8a7669c1\"><strong>Inde<\/strong> : <\/p>\n\n\n\n<p class=\"blockart-paragraph blockart-paragraph-7bfbc93a\">12 MW<sub>e<\/sub> CHP sur site vierge<\/p>\n<\/div><\/div>\n<\/div><\/div><\/div>\n<\/div><\/div>\n<\/div><\/div><\/div>\n","protected":false},"excerpt":{"rendered":"<p>Un savoir-faire unique en mati\u00e8re de projets de biomasse-\u00e9nergie<\/p>\n","protected":false},"author":1,"featured_media":0,"parent":0,"menu_order":0,"comment_status":"closed","ping_status":"closed","template":"","meta":{"footnotes":""},"class_list":["post-1141","page","type-page","status-publish","hentry"],"yoast_head":"<!-- This site is optimized with the Yoast SEO plugin v20.5 - https:\/\/yoast.com\/wordpress\/plugins\/seo\/ -->\n<title>Notre savoir faire - Energy Biomasse Holding<\/title>\n<meta name=\"robots\" content=\"index, follow, max-snippet:-1, max-image-preview:large, max-video-preview:-1\" \/>\n<link rel=\"canonical\" href=\"https:\/\/energybiomassholding.ch\/index.php\/notre-savoir-faire\/\" \/>\n<meta property=\"og:locale\" content=\"fr_FR\" \/>\n<meta property=\"og:type\" content=\"article\" \/>\n<meta property=\"og:title\" content=\"Notre savoir faire - Energy Biomasse Holding\" \/>\n<meta property=\"og:description\" content=\"Un savoir-faire unique en mati\u00e8re de projets de biomasse-\u00e9nergie\" \/>\n<meta property=\"og:url\" content=\"https:\/\/energybiomassholding.ch\/index.php\/notre-savoir-faire\/\" \/>\n<meta property=\"og:site_name\" content=\"Energy Biomasse Holding\" \/>\n<meta property=\"article:modified_time\" content=\"2023-04-20T21:13:18+00:00\" \/>\n<meta property=\"og:image\" content=\"https:\/\/energybiomassholding.ch\/wp-content\/uploads\/2023\/04\/Logo-bioenrgy-150x150.png\" \/>\n<meta name=\"twitter:card\" content=\"summary_large_image\" \/>\n<meta name=\"twitter:label1\" content=\"Dur\u00e9e de lecture estim\u00e9e\" \/>\n\t<meta name=\"twitter:data1\" content=\"3 minutes\" \/>\n<script type=\"application\/ld+json\" class=\"yoast-schema-graph\">{\"@context\":\"https:\/\/schema.org\",\"@graph\":[{\"@type\":\"WebPage\",\"@id\":\"https:\/\/energybiomassholding.ch\/index.php\/notre-savoir-faire\/\",\"url\":\"https:\/\/energybiomassholding.ch\/index.php\/notre-savoir-faire\/\",\"name\":\"Notre savoir faire - Energy Biomasse Holding\",\"isPartOf\":{\"@id\":\"https:\/\/energybiomassholding.ch\/#website\"},\"datePublished\":\"2023-04-20T19:34:12+00:00\",\"dateModified\":\"2023-04-20T21:13:18+00:00\",\"breadcrumb\":{\"@id\":\"https:\/\/energybiomassholding.ch\/index.php\/notre-savoir-faire\/#breadcrumb\"},\"inLanguage\":\"fr-FR\",\"potentialAction\":[{\"@type\":\"ReadAction\",\"target\":[\"https:\/\/energybiomassholding.ch\/index.php\/notre-savoir-faire\/\"]}]},{\"@type\":\"BreadcrumbList\",\"@id\":\"https:\/\/energybiomassholding.ch\/index.php\/notre-savoir-faire\/#breadcrumb\",\"itemListElement\":[{\"@type\":\"ListItem\",\"position\":1,\"name\":\"Accueil\",\"item\":\"https:\/\/energybiomassholding.ch\/\"},{\"@type\":\"ListItem\",\"position\":2,\"name\":\"Notre savoir faire\"}]},{\"@type\":\"WebSite\",\"@id\":\"https:\/\/energybiomassholding.ch\/#website\",\"url\":\"https:\/\/energybiomassholding.ch\/\",\"name\":\"Energy Biomass Holding\",\"description\":\"Experts pour la conception, la r\u00e9alisation et la construction de nouvelles capacit\u00e9s de production d\u2019\u00e9nergie \u00e0 partir de la biomasse\",\"publisher\":{\"@id\":\"https:\/\/energybiomassholding.ch\/#organization\"},\"potentialAction\":[{\"@type\":\"SearchAction\",\"target\":{\"@type\":\"EntryPoint\",\"urlTemplate\":\"https:\/\/energybiomassholding.ch\/?s={search_term_string}\"},\"query-input\":\"required name=search_term_string\"}],\"inLanguage\":\"fr-FR\"},{\"@type\":\"Organization\",\"@id\":\"https:\/\/energybiomassholding.ch\/#organization\",\"name\":\"Energy Biomass Holding\",\"url\":\"https:\/\/energybiomassholding.ch\/\",\"logo\":{\"@type\":\"ImageObject\",\"inLanguage\":\"fr-FR\",\"@id\":\"https:\/\/energybiomassholding.ch\/#\/schema\/logo\/image\/\",\"url\":\"https:\/\/energybiomassholding.ch\/wp-content\/uploads\/2023\/04\/Capture-decran-2023-04-15-a-13.24.16.png\",\"contentUrl\":\"https:\/\/energybiomassholding.ch\/wp-content\/uploads\/2023\/04\/Capture-decran-2023-04-15-a-13.24.16.png\",\"width\":135,\"height\":130,\"caption\":\"Energy Biomass Holding\"},\"image\":{\"@id\":\"https:\/\/energybiomassholding.ch\/#\/schema\/logo\/image\/\"}}]}<\/script>\n<!-- \/ Yoast SEO plugin. -->","yoast_head_json":{"title":"Notre savoir faire - Energy Biomasse Holding","robots":{"index":"index","follow":"follow","max-snippet":"max-snippet:-1","max-image-preview":"max-image-preview:large","max-video-preview":"max-video-preview:-1"},"canonical":"https:\/\/energybiomassholding.ch\/index.php\/notre-savoir-faire\/","og_locale":"fr_FR","og_type":"article","og_title":"Notre savoir faire - Energy Biomasse Holding","og_description":"Un savoir-faire unique en mati\u00e8re de projets de biomasse-\u00e9nergie","og_url":"https:\/\/energybiomassholding.ch\/index.php\/notre-savoir-faire\/","og_site_name":"Energy Biomasse Holding","article_modified_time":"2023-04-20T21:13:18+00:00","og_image":[{"url":"https:\/\/energybiomassholding.ch\/wp-content\/uploads\/2023\/04\/Logo-bioenrgy-150x150.png"}],"twitter_card":"summary_large_image","twitter_misc":{"Dur\u00e9e de lecture estim\u00e9e":"3 minutes"},"schema":{"@context":"https:\/\/schema.org","@graph":[{"@type":"WebPage","@id":"https:\/\/energybiomassholding.ch\/index.php\/notre-savoir-faire\/","url":"https:\/\/energybiomassholding.ch\/index.php\/notre-savoir-faire\/","name":"Notre savoir faire - Energy Biomasse Holding","isPartOf":{"@id":"https:\/\/energybiomassholding.ch\/#website"},"datePublished":"2023-04-20T19:34:12+00:00","dateModified":"2023-04-20T21:13:18+00:00","breadcrumb":{"@id":"https:\/\/energybiomassholding.ch\/index.php\/notre-savoir-faire\/#breadcrumb"},"inLanguage":"fr-FR","potentialAction":[{"@type":"ReadAction","target":["https:\/\/energybiomassholding.ch\/index.php\/notre-savoir-faire\/"]}]},{"@type":"BreadcrumbList","@id":"https:\/\/energybiomassholding.ch\/index.php\/notre-savoir-faire\/#breadcrumb","itemListElement":[{"@type":"ListItem","position":1,"name":"Accueil","item":"https:\/\/energybiomassholding.ch\/"},{"@type":"ListItem","position":2,"name":"Notre savoir faire"}]},{"@type":"WebSite","@id":"https:\/\/energybiomassholding.ch\/#website","url":"https:\/\/energybiomassholding.ch\/","name":"Energy Biomass Holding","description":"Experts pour la conception, la r\u00e9alisation et la construction de nouvelles capacit\u00e9s de production d\u2019\u00e9nergie \u00e0 partir de la biomasse","publisher":{"@id":"https:\/\/energybiomassholding.ch\/#organization"},"potentialAction":[{"@type":"SearchAction","target":{"@type":"EntryPoint","urlTemplate":"https:\/\/energybiomassholding.ch\/?s={search_term_string}"},"query-input":"required name=search_term_string"}],"inLanguage":"fr-FR"},{"@type":"Organization","@id":"https:\/\/energybiomassholding.ch\/#organization","name":"Energy Biomass Holding","url":"https:\/\/energybiomassholding.ch\/","logo":{"@type":"ImageObject","inLanguage":"fr-FR","@id":"https:\/\/energybiomassholding.ch\/#\/schema\/logo\/image\/","url":"https:\/\/energybiomassholding.ch\/wp-content\/uploads\/2023\/04\/Capture-decran-2023-04-15-a-13.24.16.png","contentUrl":"https:\/\/energybiomassholding.ch\/wp-content\/uploads\/2023\/04\/Capture-decran-2023-04-15-a-13.24.16.png","width":135,"height":130,"caption":"Energy Biomass Holding"},"image":{"@id":"https:\/\/energybiomassholding.ch\/#\/schema\/logo\/image\/"}}]}},"_links":{"self":[{"href":"https:\/\/energybiomassholding.ch\/index.php\/wp-json\/wp\/v2\/pages\/1141","targetHints":{"allow":["GET"]}}],"collection":[{"href":"https:\/\/energybiomassholding.ch\/index.php\/wp-json\/wp\/v2\/pages"}],"about":[{"href":"https:\/\/energybiomassholding.ch\/index.php\/wp-json\/wp\/v2\/types\/page"}],"author":[{"embeddable":true,"href":"https:\/\/energybiomassholding.ch\/index.php\/wp-json\/wp\/v2\/users\/1"}],"replies":[{"embeddable":true,"href":"https:\/\/energybiomassholding.ch\/index.php\/wp-json\/wp\/v2\/comments?post=1141"}],"version-history":[{"count":3,"href":"https:\/\/energybiomassholding.ch\/index.php\/wp-json\/wp\/v2\/pages\/1141\/revisions"}],"predecessor-version":[{"id":1187,"href":"https:\/\/energybiomassholding.ch\/index.php\/wp-json\/wp\/v2\/pages\/1141\/revisions\/1187"}],"wp:attachment":[{"href":"https:\/\/energybiomassholding.ch\/index.php\/wp-json\/wp\/v2\/media?parent=1141"}],"curies":[{"name":"wp","href":"https:\/\/api.w.org\/{rel}","templated":true}]}}